h) = h**3 - 19*h**2 - 33*h + 1189. What is the thousands digit of s(33)?
5
Suppose 34860 = 43*c - 21642. Let g = -360 + c. What is the units digit of g?
4
Let c(n) = n**2 - n + 4. Let p be c(4). Suppose -2 = 3*a + p. What is the units digit of 1420/50*(-5)/a*3?
1
Let p(y) = -y**3 + 42*y**2 + 154*y + 57. Suppose -1729 + 1594 = -3*c. What is the units digit of p(c)?
2
Let j(w) = 25*w - 13*w - 10 + w**2 - 11*w. Let y be j(-10). Let h = -30 + y. What is the tens digit of h?
5
Let u(b) = 94*b**2 + 54*b + 18. What is the hundreds digit of u(11)?
9
Suppose -11*b + 45*b = 408. What is the tens digit of ((-4)/b)/((-11)/11715)?
5
Let n be (-4)/(0 - 2) + -134850 + -2. What is the hundreds digit of (-1)/(21/12) - n/175?
7
Suppose 18*u = 48 + 42. Suppose -u*v + l - 1655 = -4*l, 2*v + 2*l = -670. What is the tens digit of (-1)/3 - (-4)/((-108)/v)?
1
Let n = 241 - -317. Let j be ((-1)/(-2))/((15/n)/(-5)). Let m = 123 + j. What is the units digit of m?
0
Let i = 44 + -48. Let m be -7*i/16*(46 + -2). Let r = m + -50. What is the tens digit of r?
2
Suppose 5*i + 2*q = -10, -5*q = i + 2 - 0. Suppose -38*x - 4088 = 36*x - 88*x. What is the tens digit of (-5 - i)*x/(-12)?
7
Let s = 34290 + -24429. Suppose -3726 + s = 15*c. What is the hundreds digit of c?
4
Suppose 238*g - 476*g = -239*g + 17959. What is the hundreds digit of g?
9
Let q(k) = k**3 + 16*k**2 + 16*k + 18. Let w be q(-15). Suppose 137 = t + 2*s - 225, w*t - 1089 = -5*s. What is the tens digit of t?
6
Suppose -15046 = 4*o + 5*z - 58447, 5*o + 2*z - 54247 = 0. What is the tens digit of o?
4
Let b be (-10)/(200/(-12)) - 274/(-10). Let s(h) = 21*h + 180. What is the hundreds digit of s(b)?
7
Let k = -14717 + 19293. What is the thousands digit of k?
4
Let f(r) = -4*r**2 + 9*r + 17*r**2 + 3 - 5*r**2. What is the hundreds digit of f(7)?
4
Let v(m) = 45*m**2 + 2*m - 3. Let w be 44/(-10) - (-42)/(-70). What is the tens digit of v(w)?
1
Let x be (4/3)/((-11)/(-33)). Suppose 0 = -x*g - 3*c + 4148, -5*g + 4*g + 1037 = -2*c. What is the tens digit of g?
3
Suppose 132 = -9*v + 3*v. Let b = v - -23. What is the tens digit of 3 + 0 + b + 13?
1
Suppose 529*u = 530*u + 30. What is the units digit of 20/(-15) + (-24790)/u?
5
Suppose -120*p - 192933 = -159*p. What is the thousands digit of p?
4
Let v(c) = 853*c**2 + 3*c - 2. What is the thousands digit of v(2)?
3
Let y(d) = 22*d + 75. Let t be y(-3). What is the tens digit of 2/(4/690) + (t - 4)?
5
Let w(z) be the second derivative of -5*z**3 - 35*z**2/2 - 11*z - 1. What is the tens digit of w(-8)?
0
Suppose 14*t = 196925 - 31976 - 17431. What is the tens digit of t?
3
Let a(y) = y**3 + 5*y**2 + 2*y + 5. Let v be a(-11). Let r = v + 1158. What is the hundreds digit of r?
4
Let a be 10/(-65) - 164/(-52). Suppose -4*p - a = -19. What is the units digit of (-6)/(-4) - 10/p - -24?
3
What is the ten thousands digit of (237690/270)/(4/300)?
6
Let n be (-21)/6*(64/28)/(-4). Suppose -y - 2*d + 0*d + 92 = 0, n*d = -2. What is the tens digit of y?
9
Suppose 93*p + 20418 = 96*p. Suppose p - 2119 = 4*q + 5*k, -4663 = -4*q + 3*k. What is the tens digit of q?
6
Let x be (-7344)/(-34)*2/4. Let u(z) = z**2 - 71 + x + 4*z**2. What is the units digit of u(6)?
7
Let z = -108 + 63. Let b = z + 62. What is the tens digit of 3*b*5/15?
1
Suppose -39*q = -28*q - 51634. What is the units digit of q?
4
Suppose 158457 = 52*o - 85735. What is the units digit of o?
6
Let c = 221 - 215. Let a(m) = 24*m**2 - 20*m + 30. What is the tens digit of a(c)?
7
Let j be ((-2)/4)/((-3)/(-102)). Let a(h) = 2*h**3 + 34*h**2 - 8*h + 22. What is the tens digit of a(j)?
5
Let u = -339 - 707. Let p = -587 - u. What is the tens digit of p?
5
Let l be (607 - 1)*(-32)/(-64). Suppose 3084 - l = 9*f. What is the tens digit of f?
0
Let k(t) = 390*t**2 + 147*t + 1356. What is the ten thousands digit of k(-14)?
7
Let h(p) = 2*p**3 - 44*p**2 + 51*p + 254. What is the hundreds digit of h(31)?
1
Let q(g) be the third derivative of 25*g**4/12 - 16*g**3/3 + 3*g**2 + 3*g. What is the hundreds digit of q(6)?
2
Suppose 28971 = -14*o + 21*o - l, 5*o = 3*l + 20689. What is the units digit of o?
9
Let d(l) = 288*l - 164. Let s(m) = -145*m + 83. Let z(c) = 3*d(c) + 7*s(c). What is the hundreds digit of z(-3)?
5
Suppose 12*z = -3*y + 14*z - 1215, -4*y + 3*z - 1620 = 0. Let k = y + 1224. What is the hundreds digit of k?
8
Let h(z) = -60*z**2 - 12 + 123*z**2 - 43*z - 64*z**2. What is the units digit of h(-16)?
0
Let d = -315 + 337. Let r(z) = -z**3 + 20*z**2 + 63*z - 51. What is the tens digit of r(d)?
6
Let c(m) = m**3 - 30*m**2 + 68*m - 688. What is the units digit of c(40)?
2
What is the hundreds digit of (-106752)/(-24) + 20*2/(-4)?
4
Let v(u) = -5*u + 26. Let l(m) = 1. Let j(a) = -4*l(a) + v(a). Let d be j(-7). What is the units digit of (-2)/6*-101 + (-38)/d?
3
Let f be 4/(-6) + 3408/9. Suppose 9*j = 4*j + w + 647, -f = -3*j + 4*w. Suppose u + 80 = 2*l + l, 0 = 5*l - u - j. What is the tens digit of l?
2
Let c be 4*1*121/(-44). Let l be (-14 - c) + 2*1. What is the tens digit of l*2/(2/(-33))?
3
Suppose -2*g = -o + 25, -3*o = -2*o + 4*g + 5. Suppose 2*a - 12 = 3*a + 4*t, -a + 5*t = -o. Suppose a = -2*d + 66 + 18. What is the units digit of d?
2
Let m be (3 - 2)/((-6)/918). Let y = m + 337. Suppose -36 - y = -3*v - g, 50 = v + 5*g. What is the tens digit of v?
7
Suppose 4*x = -0*x + 3*o + 7, 4*x + 5*o + 1 = 0. Let v(z) = 9*z - 6. Let m be v(x). What is the tens digit of 2 + 294 - 3/(m + 0)?
9
Let x(o) = -o**3 + 6*o**2 - 5*o + 3. Let r be x(4). Suppose -2*f = 2*w, -6*f = -f - r. Let u(n) = -3*n**3 + 3*n**2 - n - 3. What is the hundreds digit of u(w)?
1
Let t = -90 - -101. Let k(n) = 4*n**2 + 9*n - 44. What is the units digit of k(t)?
9
Let v be (-3 - (-3051)/15)/((-66)/(-220)). Let y = v - 364. What is the units digit of y?
4
Suppose -2*p + 0*p + i = -45235, -3*p + 67855 = -4*i. What is the ten thousands digit of p?
2
Let p = 1965 + 1297. What is the tens digit of p?
6
Let q(l) be the second derivative of -103*l**3/6 + 117*l**2 - l + 25. What is the tens digit of q(-7)?
5
What is the thousands digit of (-333204)/(-28) - (-33)/308*8?
1
Suppose -2*t - 4*o = -o - 1417, -2*t + 1435 = -3*o. Let f = 1035 - t. What is the units digit of f?
2
What is the thousands digit of (4/(-2))/((-5)/(-5)) + 38274?
8
Suppose -3*f + 62 = 2*y, 8*y = 13*y - 3*f - 113. Suppose -3*t = 6, t - 128 = -26*v + y*v. What is the hundreds digit of v?
1
Let a(x) = -455*x**3 + 2*x + 2. Let t(k) = 455*k**3 - 2*k - 2. Let n(g) = -7*a(g) - 6*t(g). Let i be n(-1). Let y = i - -672. What is the tens digit of y?
1
Let k(m) be the third derivative of 9*m**5/20 - m**4/3 + 8*m**3/3 - 25*m**2. What is the units digit of k(5)?
1
Suppose -6*z + 4*m = -3*z - 25, -8 = 2*m. Suppose 17 - 8 = z*r. Suppose 3*j + 6 = 3*s - 3, -2*j - 7 = -r*s. What is the units digit of s?
1
Let a be 23 + -27 + -22 + -2. Let j(x) = x**2 + 19*x + 132. What is the tens digit of j(a)?
8
Let v(k) = -14*k**3 + 3*k**2 - 2*k + 3. Let y be v(-4). Suppose 639 = 2*j - 3*p - 2*p, -3*j = -4*p - y. What is the hundreds digit of j?
3
Let a(d) = 7*d**2 - d - 3. Let b be a(-1). Suppose z = -4*t + 2485, 3*t - b*z = -4*z + 1862. What is the hundreds digit of t?
6
What is the units digit of (25222 - 3/(18/3)) + (-403)/(-806)?
2
Let w be -12 + (-1)/(-3)*-3. What is the tens digit of 18 - (-9 - w - (1 + -1))?
1
Suppose 2*u + 73 = -2*r - 29, 5*r = -15. Suppose 325 = 5*q - 5*w, -q + 0*w - 2*w = -74. Let d = u + q. What is the tens digit of d?
2
Let h be -3 + 0/(-4) - -8. Suppose z = -m + 6*m - h, -4*z = -2*m + 20. Let o(b) = 6*b**2 + 9*b + 6. What is the hundreds digit of o(z)?
1
What is the tens digit of (-22918)/(-6)*(5 + (-10)/5)?
5
Suppose 0 = -2*t - 69 + 125. Let a(f) = 4*f**2 - 66*f - 5. What is the hundreds digit of a(t)?
2
Suppose 4*q + 5*v + 67121 = 179930, -v + 140964 = 5*q. What is the thousands digit of q?
8
Let s(y) = -430*y**2 - 15*y - 17. Let j be s(-6). What is the hundreds digit of ((-4)/(-7))/((-31)/j)?
2
Suppose l + 336596 = -211*v + 216*v, 0 = 3*v + 5*l - 201980. What is the hundreds digit of v?
3
Suppose -3*z - k + 9742 = 0, 6492 = -3*z + 5*z + 2*k. Suppose 290 = -6*q + z. What is the tens digit of q?
9
Let i = 558 - 809. Let z = 1309 - i. What is the units digit of z?
0
Let k = -19937 - -54215. What is 